[INFO] cloning repository https://github.com/aganders3/wasm-ray
[INFO] running `Command { std: "git" "-c" "credential.helper=" "-c" "credential.helper=/workspace/cargo-home/bin/git-credential-null" "clone" "--bare" "https://github.com/aganders3/wasm-ray" "/workspace/cache/git-repos/https%3A%2F%2Fgithub.com%2Faganders3%2Fwasm-ray", kill_on_drop: false }`
[INFO] [stderr] Cloning into bare repository '/workspace/cache/git-repos/https%3A%2F%2Fgithub.com%2Faganders3%2Fwasm-ray'...
[INFO] running `Command { std: "git" "rev-parse" "HEAD", kill_on_drop: false }`
[INFO] [stdout] abd264ce5feeadf77330433eff9e2ccb86b2fd33
[INFO] checking aganders3/wasm-ray against master#9610dfe5a9a731ced1ea4923ecbd0c57fe367898 for beta-170-4
[INFO] running `Command { std: "git" "clone" "/workspace/cache/git-repos/https%3A%2F%2Fgithub.com%2Faganders3%2Fwasm-ray" "/workspace/builds/worker-0-tc1/source", kill_on_drop: false }`
[INFO] [stderr] Cloning into '/workspace/builds/worker-0-tc1/source'...
[INFO] [stderr] done.
[INFO] validating manifest of git repo https://github.com/aganders3/wasm-ray on toolchain 9610dfe5a9a731ced1ea4923ecbd0c57fe367898
[INFO] running `Command { std: CARGO_HOME="/workspace/cargo-home" RUSTUP_HOME="/workspace/rustup-home" "/workspace/cargo-home/bin/cargo" "+9610dfe5a9a731ced1ea4923ecbd0c57fe367898" "metadata" "--manifest-path" "Cargo.toml" "--no-deps", kill_on_drop: false }`
[INFO] started tweaking git repo https://github.com/aganders3/wasm-ray
[INFO] finished tweaking git repo https://github.com/aganders3/wasm-ray
[INFO] tweaked toml for git repo https://github.com/aganders3/wasm-ray written to /workspace/builds/worker-0-tc1/source/Cargo.toml
[INFO] crate git repo https://github.com/aganders3/wasm-ray already has a lockfile, it will not be regenerated
[INFO] running `Command { std: CARGO_HOME="/workspace/cargo-home" RUSTUP_HOME="/workspace/rustup-home" "/workspace/cargo-home/bin/cargo" "+9610dfe5a9a731ced1ea4923ecbd0c57fe367898" "fetch" "--manifest-path" "Cargo.toml", kill_on_drop: false }`
[INFO] running `Command { std: "docker" "create" "-v" "/var/lib/crater-agent-workspace/builds/worker-0-tc1/target:/opt/rustwide/target:rw,Z" "-v" "/var/lib/crater-agent-workspace/builds/worker-0-tc1/source:/opt/rustwide/workdir:ro,Z" "-v" "/var/lib/crater-agent-workspace/cargo-home:/opt/rustwide/cargo-home:ro,Z" "-v" "/var/lib/crater-agent-workspace/rustup-home:/opt/rustwide/rustup-home:ro,Z" "-e" "SOURCE_DIR=/opt/rustwide/workdir" "-e" "CARGO_TARGET_DIR=/opt/rustwide/target" "-e" "CARGO_HOME=/opt/rustwide/cargo-home" "-e" "RUSTUP_HOME=/opt/rustwide/rustup-home" "-w" "/opt/rustwide/workdir" "-m" "1610612736" "--user" "0:0" "--network" "none" "ghcr.io/rust-lang/crates-build-env/linux@sha256:19e73879b68f455e41552ea35293514db52ea292d993f571636dbffedb77a1ee" "/opt/rustwide/cargo-home/bin/cargo" "+9610dfe5a9a731ced1ea4923ecbd0c57fe367898" "metadata" "--no-deps" "--format-version=1", kill_on_drop: false }`
[INFO] [stdout] 5431751565d4ec4a98a814081ea96dd27265be3c8fd0a60fc2f65a19ee646ec1
[INFO] running `Command { std: "docker" "start" "-a" "5431751565d4ec4a98a814081ea96dd27265be3c8fd0a60fc2f65a19ee646ec1", kill_on_drop: false }`
[INFO] running `Command { std: "docker" "inspect" "5431751565d4ec4a98a814081ea96dd27265be3c8fd0a60fc2f65a19ee646ec1", kill_on_drop: false }`
[INFO] running `Command { std: "docker" "rm" "-f" "5431751565d4ec4a98a814081ea96dd27265be3c8fd0a60fc2f65a19ee646ec1", kill_on_drop: false }`
[INFO] [stdout] 5431751565d4ec4a98a814081ea96dd27265be3c8fd0a60fc2f65a19ee646ec1
[INFO] running `Command { std: "docker" "create" "-v" "/var/lib/crater-agent-workspace/builds/worker-0-tc1/target:/opt/rustwide/target:rw,Z" "-v" "/var/lib/crater-agent-workspace/builds/worker-0-tc1/source:/opt/rustwide/workdir:ro,Z" "-v" "/var/lib/crater-agent-workspace/cargo-home:/opt/rustwide/cargo-home:ro,Z" "-v" "/var/lib/crater-agent-workspace/rustup-home:/opt/rustwide/rustup-home:ro,Z" "-e" "SOURCE_DIR=/opt/rustwide/workdir" "-e" "CARGO_TARGET_DIR=/opt/rustwide/target" "-e" "CARGO_INCREMENTAL=0" "-e" "RUST_BACKTRACE=full" "-e" "RUSTFLAGS=--cap-lints=forbid" "-e" "RUSTDOCFLAGS=--cap-lints=forbid" "-e" "CARGO_HOME=/opt/rustwide/cargo-home" "-e" "RUSTUP_HOME=/opt/rustwide/rustup-home" "-w" "/opt/rustwide/workdir" "-m" "1610612736" "--user" "0:0" "--network" "none" "ghcr.io/rust-lang/crates-build-env/linux@sha256:19e73879b68f455e41552ea35293514db52ea292d993f571636dbffedb77a1ee" "/opt/rustwide/cargo-home/bin/cargo" "+9610dfe5a9a731ced1ea4923ecbd0c57fe367898" "check" "--frozen" "--all" "--all-targets" "--message-format=json", kill_on_drop: false }`
[INFO] [stdout] 040acf69a2772d0787846006a9c51d54f085e2ad14d02e6eafb6d87151611ab1
[INFO] running `Command { std: "docker" "start" "-a" "040acf69a2772d0787846006a9c51d54f085e2ad14d02e6eafb6d87151611ab1", kill_on_drop: false }`
[INFO] [stderr]    Compiling libc v0.2.94
[INFO] [stderr]    Compiling crossbeam-utils v0.8.4
[INFO] [stderr]    Compiling memoffset v0.6.3
[INFO] [stderr]    Compiling rayon-core v1.9.0
[INFO] [stderr]    Compiling num-traits v0.2.14
[INFO] [stderr]    Compiling rayon v1.5.0
[INFO] [stderr]    Compiling num-integer v0.1.44
[INFO] [stderr]     Checking either v1.6.1
[INFO] [stderr]    Compiling getrandom v0.2.2
[INFO] [stderr]    Compiling miniz_oxide v0.4.4
[INFO] [stderr]     Checking adler32 v1.2.0
[INFO] [stderr]    Compiling crc32fast v1.2.1
[INFO] [stderr]    Compiling num-rational v0.3.2
[INFO] [stderr]    Compiling num-iter v0.1.42
[INFO] [stderr]     Checking weezl v0.1.5
[INFO] [stderr]     Checking byteorder v1.4.3
[INFO] [stderr]     Checking adler v1.0.2
[INFO] [stderr]     Checking crossbeam-epoch v0.9.4
[INFO] [stderr]     Checking crossbeam-channel v0.5.1
[INFO] [stderr]     Checking deflate v0.8.6
[INFO] [stderr]     Checking crossbeam-deque v0.8.0
[INFO] [stderr]     Checking miniz_oxide v0.3.7
[INFO] [stderr]     Checking ppv-lite86 v0.2.10
[INFO] [stderr]     Checking unicode-width v0.1.8
[INFO] [stderr]     Checking num_cpus v1.13.0
[INFO] [stderr]     Checking color_quant v1.1.0
[INFO] [stderr]     Checking textwrap v0.11.0
[INFO] [stderr]     Checking atty v0.2.14
[INFO] [stderr]     Checking scoped_threadpool v0.1.9
[INFO] [stderr]     Checking strsim v0.8.0
[INFO] [stderr]     Checking png v0.16.8
[INFO] [stderr]     Checking rand_core v0.6.2
[INFO] [stderr]     Checking gif v0.11.2
[INFO] [stderr]     Checking vec_map v0.8.2
[INFO] [stderr]     Checking ansi_term v0.11.0
[INFO] [stderr]     Checking bytemuck v1.5.1
[INFO] [stderr]     Checking rand_chacha v0.3.0
[INFO] [stderr]     Checking clap v2.33.3
[INFO] [stderr]     Checking itertools v0.10.0
[INFO] [stderr]     Checking rand v0.8.3
[INFO] [stderr]     Checking jpeg-decoder v0.1.22
[INFO] [stderr]     Checking tiff v0.6.1
[INFO] [stderr]     Checking image v0.23.14
[INFO] [stderr]     Checking wasm-ray v0.1.0 (/opt/rustwide/workdir)
[INFO] [stdout] error[E0599]: no method named `pop_front` found for struct `Vec<Ray>` in the current scope
[INFO] [stdout]    --> src/camera.rs:103:37
[INFO] [stdout]     |
[INFO] [stdout] 103 |             if let Some(ray) = rays.pop_front() {
[INFO] [stdout]     |                                     ^^^^^^^^^ method not found in `Vec<Ray>`
[INFO] [stdout] 
[INFO] [stdout] 
[INFO] [stdout] error[E0599]: no method named `push_back` found for struct `Vec<Ray>` in the current scope
[INFO] [stdout]    --> src/camera.rs:128:26
[INFO] [stdout]     |
[INFO] [stdout] 128 |                     rays.push_back(new_ray);
[INFO] [stdout]     |                          ^^^^^^^^^ method not found in `Vec<Ray>`
[INFO] [stdout] 
[INFO] [stdout] 
[INFO] [stdout] error[E0308]: mismatched types
[INFO] [stdout]    --> src/aabb.rs:229:31
[INFO] [stdout]     |
[INFO] [stdout] 229 |         let n = bvh_tree_from(&spheres);
[INFO] [stdout]     |                 ------------- ^^^^^^^^ types differ in mutability
[INFO] [stdout]     |                 |
[INFO] [stdout]     |                 arguments to this function are incorrect
[INFO] [stdout]     |
[INFO] [stdout]     = note: expected mutable reference `&mut [wobject::Elemental]`
[INFO] [stdout]                        found reference `&Vec<wobject::Elemental>`
[INFO] [stdout] note: function defined here
[INFO] [stdout]    --> src/aabb.rs:101:8
[INFO] [stdout]     |
[INFO] [stdout] 101 | pub fn bvh_tree_from(wobjects: &mut [Elemental])-> Option<BVHNode> {
[INFO] [stdout]     |        ^^^^^^^^^^^^^ --------------------------
[INFO] [stdout] 
[INFO] [stdout] 
[INFO] [stdout] warning: use of deprecated associated function `std::array::IntoIter::<T, N>::new`: use `IntoIterator::into_iter` instead
[INFO] [stdout]    --> src/vec3.rs:197:31
[INFO] [stdout]     |
[INFO] [stdout] 197 |         std::array::IntoIter::new([self.x, self.y, self.z])
[INFO] [stdout]     |                               ^^^
[INFO] [stdout]     |
[INFO] [stdout]     = note: `#[warn(deprecated)]` on by default
[INFO] [stdout] 
[INFO] [stdout] 
[INFO] [stdout] error: aborting due to 2 previous errors; 1 warning emitted
[INFO] [stdout] 
[INFO] [stdout] 
[INFO] [stdout] For more information about this error, try `rustc --explain E0599`.
[INFO] [stdout] 
[INFO] [stdout] error[E0599]: no method named `pop_front` found for struct `Vec<ray::Ray>` in the current scope
[INFO] [stdout]    --> src/camera.rs:103:37
[INFO] [stdout]     |
[INFO] [stdout] 103 |             if let Some(ray) = rays.pop_front() {
[INFO] [stdout]     |                                     ^^^^^^^^^ method not found in `Vec<Ray>`
[INFO] [stdout] 
[INFO] [stdout] 
[INFO] [stderr] error: could not compile `wasm-ray` (lib) due to 3 previous errors; 1 warning emitted
[INFO] [stderr] warning: build failed, waiting for other jobs to finish...
[INFO] [stdout] error[E0599]: no method named `push_back` found for struct `Vec<ray::Ray>` in the current scope
[INFO] [stdout]    --> src/camera.rs:128:26
[INFO] [stdout]     |
[INFO] [stdout] 128 |                     rays.push_back(new_ray);
[INFO] [stdout]     |                          ^^^^^^^^^ method not found in `Vec<Ray>`
[INFO] [stdout] 
[INFO] [stdout] 
[INFO] [stdout] warning: use of deprecated associated function `std::array::IntoIter::<T, N>::new`: use `IntoIterator::into_iter` instead
[INFO] [stdout]    --> src/vec3.rs:197:31
[INFO] [stdout]     |
[INFO] [stdout] 197 |         std::array::IntoIter::new([self.x, self.y, self.z])
[INFO] [stdout]     |                               ^^^
[INFO] [stdout]     |
[INFO] [stdout]     = note: `#[warn(deprecated)]` on by default
[INFO] [stdout] 
[INFO] [stdout] 
[INFO] [stdout] error: aborting due to 3 previous errors; 1 warning emitted
[INFO] [stdout] 
[INFO] [stdout] 
[INFO] [stdout] Some errors have detailed explanations: E0308, E0599.
[INFO] [stdout] 
[INFO] [stdout] For more information about an error, try `rustc --explain E0308`.
[INFO] [stdout] 
[INFO] [stderr] error: could not compile `wasm-ray` (lib test) due to 4 previous errors; 1 warning emitted
[INFO] running `Command { std: "docker" "inspect" "040acf69a2772d0787846006a9c51d54f085e2ad14d02e6eafb6d87151611ab1", kill_on_drop: false }`
[INFO] running `Command { std: "docker" "rm" "-f" "040acf69a2772d0787846006a9c51d54f085e2ad14d02e6eafb6d87151611ab1", kill_on_drop: false }`
[INFO] [stdout] 040acf69a2772d0787846006a9c51d54f085e2ad14d02e6eafb6d87151611ab1
